(k) = k**3 + 12*k**2 + 9*k - 7. Calculate the remainder when q(-11) is divided by 9.
6
Let l(z) = z**2 + 2*z - 1. What is the remainder when 11 is divided by l(2)?
4
Let s = 91 + -55. What is the remainder when s is divided by 11?
3
Calculate the remainder when 15 is divided by (-6)/(-2) + (4 - 5) - -4.
3
Let m be ((-8)/10)/((-2)/45). Let r be m/24 - 114/(-8). Suppose k + 33 = 4*j, j + 0*j = -2*k + r. Calculate the remainder when 34 is divided by j.
7
Let c = 1 + 3. Suppose 0*m = c*m - 152. Calculate the remainder when m is divided by 10.
8
Let x = 9 - 6. Suppose x*l = -4*y + 118, -178 = -l - 4*l - 2*y. Calculate the remainder when l is divided by 18.
16
Let d(j) = -j + 11. What is the remainder when 6 is divided by d(9)?
0
Let o = 30 + -7. Suppose -5*j - o = 4*x - 2*x, 3*x + j + 2 = 0. What is the remainder when (-9)/(-4) - 2/8 is divided by x?
0
Suppose -7*s + 323 - 113 = 0. Let w be (2/(-4))/((-1)/106). Let y = w - 37. What is the remainder when s is divided by y?
14
Let k(n) = 30*n + 1. Let g be (-2)/(-6) + 14/3. Suppose -g*j + 35 = -4*r, 0*j = -2*j + 3*r + 7. Calculate the remainder when k(1) is divided by j.
9
Let c(n) = -3*n - 2. Let y be c(-1). Suppose 5*g - 4*o + 3*o - 76 = 0, -43 = -3*g - 2*o. What is the remainder when y/(-2) + (-712)/(-16) is divided by g?
14
Let v(t) = t**3 - 5*t**2 - 4*t - 1. Suppose -27 - 25 = -2*l. Suppose u = -i - i + 17, 4*u - l = -i. Calculate the remainder when 20 is divided by v(i).
9
Let x(k) = -5*k - 8. Let g(s) = -6*s - 8. Let j(w) = 4*g(w) - 5*x(w). Calculate the remainder when 21 is divided by j(0).
5
Suppose 0 = -7*t + 510 - 76. What is the remainder when t is divided by 3?
2
Let d = -393 + 717. Suppose i - 5*i = -d. Calculate the remainder when i is divided by 21.
18
Suppose 3*d = d + 4. Suppose 5*q = d*u - 0*u - 13, -2 = -2*q. Calculate the remainder when u is divided by (-1)/(-2) + 18/4.
4
What is the remainder when (-14 - 1)*(-1 + 0) is divided by 8?
7
Let v = 19 + -19. Suppose -4*a = -80 + 4. What is the remainder when v - 2 - 399/(-7) is divided by a?
17
Let f(v) = v**3 + 9*v**2 - 10*v + 5. Let a be f(-10). Suppose 0 = -2*k + 8, 5*u = 3*k + a + 13. What is the remainder when 11 is divided by u?
5
What is the remainder when 63 is divided by -2 - (1 - (3 + 22))?
19
Suppose 4*j - 157 - 43 = 0. Suppose 0*y + 4*y + 2*q = j, -4*y + 65 = 5*q. What is the remainder when y is divided by 6?
4
Let w = 128 + -91. Let x be 0 + 2/1 + 0. Let q = x + 11. Calculate the remainder when w is divided by q.
11
Let b = 47 + -26. Let l(x) = x**2 + 6*x - 8. Let w(h) = -h**3 - 6*h**2 + 7*h - 8. Let o be w(-7). What is the remainder when b is divided by l(o)?
5
Let q = 1 + 0. Let d = q - -11. Suppose -2*l = a - 6*l + 1, -3*l = -2*a + 8. What is the remainder when d is divided by a?
5
Calculate the remainder when 83 is divided by 2 + 0 + (-78)/(-3).
27
Let s be (288/40)/(2/(-10)). Calculate the remainder when s/(-27)*42/4 is divided by 4.
2
Suppose -5*j + j + 12 = 0. Let d(c) = 2*c**2 - c - 3. Suppose -y + 4*q = -26, 4*y + 6*q = q + 146. Calculate the remainder when y is divided by d(j).
10
Let b = -67 + 126. Calculate the remainder when b is divided by 12.
11
Let b = -78 + 119. Calculate the remainder when b is divided by 11.
8
Suppose -3*w = -63 - 9. What is the remainder when 94 is divided by w?
22
Let q(w) = 6*w + 4. Let i be q(5). Suppose -4*y + i = -6. What is the remainder when (-3)/12 + 117/4 is divided by y?
9
Let z = 21 - -12. What is the remainder when z is divided by 17?
16
Let l be -5 - (-5)/(15/9). What is the remainder when 45/l*16/(-6) is divided by 21?
18
Calculate the remainder when 2*1*100/8 is divided by 13.
12
Let v = -7 - -9. Suppose 4*n + 68 = 5*z, n + v*z - 7*z + 2 = 0. Let p = n - -40. What is the remainder when 52 is divided by p?
16
Let g = 43 - 26. What is the remainder when g is divided by 7?
3
Let o = 154 - 51. What is the remainder when o is divided by 26?
25
Suppose 22 = 5*m - 8. Let z = 33 + -16. What is the remainder when z is divided by m?
5
Suppose 0 = -6*q + 104 + 304. What is the remainder when q is divided by 18?
14
Let f = -18 - -55. What is the remainder when 107 is divided by f?
33
Suppose 2*x + x = -5*w - 15, 20 = 4*x. Let f = 55 + w. What is the remainder when f is divided by 13?
10
Suppose 4*q + 4*a = 16 + 12, 0 = -5*a - 5. Let j(m) = m**2 - 9*m + 5. What is the remainder when q is divided by j(9)?
3
Suppose -3*x = -t - 1 + 4, 5*t - 28 = 2*x. Calculate the remainder when 11 is divided by t.
5
Suppose -2*v = -57 + 13. Let z = 19 + -11. What is the remainder when v is divided by z?
6
Suppose -z = -4 - 1. Suppose -2*g + y + 3 = -2, -5*y = z*g - 20. What is the remainder when 11 is divided by g?
2
Let d(q) = 2*q - 5. Suppose -6*o + 5*o + 8 = 0. What is the remainder when d(o) is divided by 4?
3
Let q = 128 + -76. Let c = 9 - 5. Suppose 0 = c*u - 6 - 66. What is the remainder when q is divided by u?
16
Let w(v) = -v**2 + 7*v - 10. Let r be w(8). Suppose -5*c + 66 = -3*c. Let m = c + r. Calculate the remainder when 29 is divided by m.
14
Suppose 4*n - 8*q - 52 = -3*q, 5*n = 5*q + 60. Suppose -2*s = s - 6. Suppose -s*a + 15 = 3*a. Calculate the remainder when n is divided by a.
2
Suppose 25 = -3*j - 35. What is the remainder when 29 is divided by (j/(-3))/(4/6)?
9
Suppose 0 = -5*d + d + 124. What is the remainder when d is divided by 17?
14
Suppose g - 6 = 4. Calculate the remainder when g is divided by 2.
0
Suppose 3*x = -6, p + p - 5*x - 40 = 0. Calculate the remainder when p is divided by 24/20*(-30)/(-4).
6
Let f = -5 - -25. What is the remainder when ((-192)/f)/((-6)/20) is divided by 17?
15
Let s be (-428)/(-18) + (-2)/(-9). Let c = -13 + s. Calculate the remainder when 20 is divided by c.
9
Let r be (-1)/2 + (-21)/(-2). What is the remainder when r/(-4)*10/(-1) is divided by 9?
7
Suppose 0 = -3*d - d + 8. What is the remainder when 5 is divided by d?
1
Let u(n) = n - 7. Let s be u(8). Let p = s - -14. What is the remainder when 58 is divided by p?
13
Let h(j) = 13*j**2 - 1. Suppose 42 = x - 0*x. Suppose x = f + 8. What is the remainder when f is divided by h(-1)?
10
Suppose -4*w - 147 = -5*w. Suppose -2*d = -5*h + 114, 5*h + 27 = 5*d + w. What is the remainder when h is divided by 6?
4
What is the remainder when 1*-3 + (17 - -58) is divided by 15?
12
Suppose 2*n + 22 = -2*l, -27 = -0*n + 5*n - 2*l. Let f = n - -12. Let x = 21 - f. What is the remainder when x is divided by 9?
7
Let a = 251 + -116. Let f = -9 + 21. What is the remainder when a/4 + (-1)/(-4) is divided by f?
10
Suppose 0*d - d = 8. Let s(c) = -c**3 - 8*c**2 - 2*c - 8. Calculate the remainder when 31 is divided by s(d).
7
Let d = 42 - 26. Calculate the remainder when d is divided by 10.
6
Let s(x) = 2*x**2 + 16*x - 6. What is the remainder when s(-11) is divided by 16?
12
Let y(x) = -x + 4. Suppose 0 = -3*b - 9 + 24. Suppose 0 = b*o - 77 - 83. What is the remainder when o is divided by y(-7)?
10
Suppose -7*j - 255 = -374. Calculate the remainder when (-10)/3*(-96)/10 is divided by j.
15
Suppose 2*v - 11 = 15. Suppose 43 = 4*l + 3*p, -4*l - 2*p + 25 = -v. Calculate the remainder when l is divided by 4.
3
Let q(i) = 8*i + 3. Let l be q(4). Suppose -5 = -d + 2*p + 3*p, d = -5*p - 45. Let y = l + d. What is the remainder when 29 is divided by y?
14
Calculate the remainder when -237*((-3)/(-18) + 7/(-6)) is divided by 48.
45
Suppose -7 = -0*r - r. Let n be (-1)/2 + 39/(-2). Let k = n + 45. Calculate the remainder when k is divided by r.
4
Suppose 3*p - 40 = -p. Let u = p + 33. What is the remainder when u is divided by 27/6*(-60)/(-18)?
13
Suppose 2*p + 27 = -p. Let w = 11 + p. What is the remainder when 5 is divided by w?
1
Let y(j) = j**2 - 13*j + 10. Calculate the remainder when 17 is divided by y(13).
7
Let f be 2/(-5) - (-12)/5. Let x be (-2)/(-4) - f/4. Suppose x*v = -v + 4*d + 19, -5*d = v - 1. Calculate the remainder when 21 is divided by v.
10
What is the remainder when (2 - 1)*0 - -14 is divided by 9?
5
Suppose -7 = -3*f + 2. Suppose 4 = g + 5*b, 5*b = 5*g - 13 - 7. What is the remainder when f*(-1)/(-3)*10 is divided by g?
2
Let a = 32 + -53. What is the remainder when (-266)/a - (-2)/6 is divided by 5?
3
Suppose -5*v - 34 = -3*s, 3*v - 4*s = -2*v - 37. Let a = 7 + v. Suppose w = -q + 24, 0 = -a*w + 3*w